{"id":27,"date":"2015-09-04T11:38:12","date_gmt":"2015-09-04T10:38:12","guid":{"rendered":"https:\/\/luz.ch\/fb2\/?page_id=27"},"modified":"2026-01-16T10:03:18","modified_gmt":"2026-01-16T10:03:18","slug":"home","status":"publish","type":"page","link":"https:\/\/fuurball.ch\/","title":{"rendered":"Home"},"content":{"rendered":"<p><strong>F\u00fc\u00fcrball 2026<\/strong><\/p>\r\n<p>Tranditionell startet im S\u00e4uliamt die Fasnachtssaison mit dem F\u00fc\u00fcrball in Obfelden.<br \/>Der F\u00fc\u00fcrball und die Kinderfasnacht 2026 findet am 17. Januar 2026 im Singsaal Chilefeld Obfelden statt. Neu ist im Foyer der Kafi-Egge mit C\u00fcpli-Bar, im Aussenbereich das Party-Zelt mit Bar, die Shotbar und der Grillstand. Vier Guggenmusiken aus der Region heizen der Stimmung noch zus\u00e4tzlich ein.<br \/>Also nichts wie hin am Samstag zum F\u00fc\u00fcrball nach Obfelden! Eintritt ab 16 Jahren.<\/p>\r\n<p>Am Nachmittag startet die Fasnacht in Obfelden mit dem Kinderumzug um 13:30 Uhr durchs Dorf. Start ist hinter der Dorfm\u00e4rt an der Sentmattstrasse. Alle d\u00fcrfen mitmachen! Zwei\u00a0 Guggen (S\u00e4uligugger Affoltern und Vollgash\u00f6ckler Hedingen) und die Ratlose-Clique begleiten denn Fasi-Umzug. Nachher ist Kinderparty mit Animation im Singsaal Chilefeld. Die 2 Guggen unterhalten noch zus\u00e4tzlich. Um 17 Uhr ist dann die Pr\u00e4mierung der Gruppen- bzw. Einzelmasken. Motto der KiFasi &#8222;<strong>Sun, Fun und Luftmatratze<\/strong>&#8222;<\/p>\r\n<ul>\r\n<li>N\u00e4chster F\u00fc\u00fcrball: <strong>Samstag 17. Januar 2026<\/strong> im Singsaal Chilefeld Obfelden<strong><br \/><\/strong>siehe auch <a href=\"https:\/\/fuurball.ch\/?page_id=36\">Infoseite<\/a><\/li>\r\n<li><strong>Am Nachmittag ist die <a href=\"https:\/\/fuurball.ch\/?p=646\">Kinderfasnacht<\/a> Obfelden &#8211; KiFasi 2026<br \/><\/strong>Umzug durchs Dorf, Start 13:30 Uhr hinter dem Dorfm\u00e4rt.<br \/>danach Party mit Kinder-Animation im Singsaal Chilefeld.<\/li>\r\n<li><a href=\"https:\/\/www.affolteranzeiger.ch\/aktuell\/bezirk-affoltern\/artikelseite-bezirk-affoltern\/die-fasnachtsbegeisterten-duerfen-sich-freuen\" target=\"_blank\" rel=\"noopener\">Anzeiger (Die Fasnachtsbegeisterten d\u00fcrfen sich freuen) 12.1.2026<\/a><\/li>\r\n<li><a href=\"https:\/\/www.affolteranzeiger.ch\/aktuell\/bezirk-affoltern\/artikelseite-bezirk-affoltern\/der-kontrollierte-ausnahmezustand\" target=\"_blank\" rel=\"noopener\">Anzeiger ( Der kontrollierte Ausnahmezustand) 12.1.2026\u00a0<\/a><\/li>\r\n<\/ul>\r\n\r\n<p><a href=\"https:\/\/fuurball.ch\/wp-content\/uploads\/2025\/12\/flyer2026k.png\"><img loading=\"lazy\" decoding=\"async\" class=\"alignnone size-medium wp-image-650\" src=\"https:\/\/fuurball.ch\/wp-content\/uploads\/2025\/12\/flyer2026k-217x300.png\" alt=\"\" width=\"217\" height=\"300\" srcset=\"https:\/\/fuurball.ch\/wp-content\/uploads\/2025\/12\/flyer2026k-217x300.png 217w, https:\/\/fuurball.ch\/wp-content\/uploads\/2025\/12\/flyer2026k-741x1024.png 741w, https:\/\/fuurball.ch\/wp-content\/uploads\/2025\/12\/flyer2026k-768x1062.png 768w, https:\/\/fuurball.ch\/wp-content\/uploads\/2025\/12\/flyer2026k.png 926w\" sizes=\"auto, (max-width: 217px) 100vw, 217px\" \/> <\/a><a href=\"https:\/\/fuurball.ch\/wp-content\/uploads\/2025\/12\/KiFasi_2026v.png\"><img loading=\"lazy\" decoding=\"async\" class=\"alignnone size-medium wp-image-654\" src=\"https:\/\/fuurball.ch\/wp-content\/uploads\/2025\/12\/KiFasi_2026v-212x300.png\" alt=\"\" width=\"212\" height=\"300\" srcset=\"https:\/\/fuurball.ch\/wp-content\/uploads\/2025\/12\/KiFasi_2026v-212x300.png 212w, https:\/\/fuurball.ch\/wp-content\/uploads\/2025\/12\/KiFasi_2026v-725x1024.png 725w, https:\/\/fuurball.ch\/wp-content\/uploads\/2025\/12\/KiFasi_2026v-768x1085.png 768w, https:\/\/fuurball.ch\/wp-content\/uploads\/2025\/12\/KiFasi_2026v.png 906w\" sizes=\"auto, (max-width: 212px) 100vw, 212px\" \/><\/a><a href=\"https:\/\/fuurball.ch\/wp-content\/uploads\/2025\/12\/KiFasi_2026r.png\"> <img loading=\"lazy\" decoding=\"async\" class=\"alignnone size-medium wp-image-653\" src=\"https:\/\/fuurball.ch\/wp-content\/uploads\/2025\/12\/KiFasi_2026r-212x300.png\" alt=\"\" width=\"212\" height=\"300\" srcset=\"https:\/\/fuurball.ch\/wp-content\/uploads\/2025\/12\/KiFasi_2026r-212x300.png 212w, https:\/\/fuurball.ch\/wp-content\/uploads\/2025\/12\/KiFasi_2026r-725x1024.png 725w, https:\/\/fuurball.ch\/wp-content\/uploads\/2025\/12\/KiFasi_2026r-768x1085.png 768w, https:\/\/fuurball.ch\/wp-content\/uploads\/2025\/12\/KiFasi_2026r.png 906w\" sizes=\"auto, (max-width: 212px) 100vw, 212px\" \/><\/a><\/p>\r\n","protected":false},"excerpt":{"rendered":"<p>\t\t\t\t<![CDATA[]]>\t\t<\/p>\n","protected":false},"author":1,"featured_media":0,"parent":0,"menu_order":1,"comment_status":"closed","ping_status":"closed","template":"","meta":{"footnotes":""},"class_list":["post-27","page","type-page","status-publish","hentry"],"_links":{"self":[{"href":"https:\/\/fuurball.ch\/index.php?rest_route=\/wp\/v2\/pages\/27","targetHints":{"allow":["GET"]}}],"collection":[{"href":"https:\/\/fuurball.ch\/index.php?rest_route=\/wp\/v2\/pages"}],"about":[{"href":"https:\/\/fuurball.ch\/index.php?rest_route=\/wp\/v2\/types\/page"}],"author":[{"embeddable":true,"href":"https:\/\/fuurball.ch\/index.php?rest_route=\/wp\/v2\/users\/1"}],"replies":[{"embeddable":true,"href":"https:\/\/fuurball.ch\/index.php?rest_route=%2Fwp%2Fv2%2Fcomments&post=27"}],"version-history":[{"count":45,"href":"https:\/\/fuurball.ch\/index.php?rest_route=\/wp\/v2\/pages\/27\/revisions"}],"predecessor-version":[{"id":661,"href":"https:\/\/fuurball.ch\/index.php?rest_route=\/wp\/v2\/pages\/27\/revisions\/661"}],"wp:attachment":[{"href":"https:\/\/fuurball.ch\/index.php?rest_route=%2Fwp%2Fv2%2Fmedia&parent=27"}],"curies":[{"name":"wp","href":"https:\/\/api.w.org\/{rel}","templated":true}]}}

<p><strong>Füürball 2026</strong></p>
<p>Tranditionell startet im Säuliamt die Fasnachtssaison mit dem Füürball in Obfelden.<br />Der Füürball und die Kinderfasnacht 2026 findet am 17. Januar 2026 im Singsaal Chilefeld Obfelden statt. Neu ist im Foyer der Kafi-Egge mit Cüpli-Bar, im Aussenbereich das Party-Zelt mit Bar, die Shotbar und der Grillstand. Vier Guggenmusiken aus der Region heizen der Stimmung noch zusätzlich ein.<br />Also nichts wie hin am Samstag zum Füürball nach Obfelden! Eintritt ab 16 Jahren.</p>
<p>Am Nachmittag startet die Fasnacht in Obfelden mit dem Kinderumzug um 13:30 Uhr durchs Dorf. Start ist hinter der Dorfmärt an der Sentmattstrasse. Alle dürfen mitmachen! Zwei  Guggen (Säuligugger Affoltern und Vollgashöckler Hedingen) und die Ratlose-Clique begleiten denn Fasi-Umzug. Nachher ist Kinderparty mit Animation im Singsaal Chilefeld. Die 2 Guggen unterhalten noch zusätzlich. Um 17 Uhr ist dann die Prämierung der Gruppen- bzw. Einzelmasken. Motto der KiFasi &#8222;<strong>Sun, Fun und Luftmatratze</strong>&#8222;</p>
<ul>
<li>Nächster Füürball: <strong>Samstag 17. Januar 2026</strong> im Singsaal Chilefeld Obfelden<strong><br /></strong>siehe auch <a href="https://fuurball.ch/?page_id=36">Infoseite</a></li>
<li><strong>Am Nachmittag ist die <a href="https://fuurball.ch/?p=646">Kinderfasnacht</a> Obfelden &#8211; KiFasi 2026<br /></strong>Umzug durchs Dorf, Start 13:30 Uhr hinter dem Dorfmärt.<br />danach Party mit Kinder-Animation im Singsaal Chilefeld.</li>
<li><a href="https://www.affolteranzeiger.ch/aktuell/bezirk-affoltern/artikelseite-bezirk-affoltern/die-fasnachtsbegeisterten-duerfen-sich-freuen" target="_blank" rel="noopener">Anzeiger (Die Fasnachtsbegeisterten dürfen sich freuen) 12.1.2026</a></li>
<li><a href="https://www.affolteranzeiger.ch/aktuell/bezirk-affoltern/artikelseite-bezirk-affoltern/der-kontrollierte-ausnahmezustand" target="_blank" rel="noopener">Anzeiger ( Der kontrollierte Ausnahmezustand) 12.1.2026 </a></li>
</ul>

<p><a href="https://fuurball.ch/wp-content/uploads/2025/12/flyer2026k.png"><img loading="lazy" decoding="async" class="alignnone size-medium wp-image-650" src="https://fuurball.ch/wp-content/uploads/2025/12/flyer2026k-217x300.png" alt="" width="217" height="300" srcset="https://fuurball.ch/wp-content/uploads/2025/12/flyer2026k-217x300.png 217w, https://fuurball.ch/wp-content/uploads/2025/12/flyer2026k-741x1024.png 741w, https://fuurball.ch/wp-content/uploads/2025/12/flyer2026k-768x1062.png 768w, https://fuurball.ch/wp-content/uploads/2025/12/flyer2026k.png 926w" sizes="auto, (max-width: 217px) 100vw, 217px" /> </a><a href="https://fuurball.ch/wp-content/uploads/2025/12/KiFasi_2026v.png"><img loading="lazy" decoding="async" class="alignnone size-medium wp-image-654" src="https://fuurball.ch/wp-content/uploads/2025/12/KiFasi_2026v-212x300.png" alt="" width="212" height="300" srcset="https://fuurball.ch/wp-content/uploads/2025/12/KiFasi_2026v-212x300.png 212w, https://fuurball.ch/wp-content/uploads/2025/12/KiFasi_2026v-725x1024.png 725w, https://fuurball.ch/wp-content/uploads/2025/12/KiFasi_2026v-768x1085.png 768w, https://fuurball.ch/wp-content/uploads/2025/12/KiFasi_2026v.png 906w" sizes="auto, (max-width: 212px) 100vw, 212px" /></a><a href="https://fuurball.ch/wp-content/uploads/2025/12/KiFasi_2026r.png"> <img loading="lazy" decoding="async" class="alignnone size-medium wp-image-653" src="https://fuurball.ch/wp-content/uploads/2025/12/KiFasi_2026r-212x300.png" alt="" width="212" height="300" srcset="https://fuurball.ch/wp-content/uploads/2025/12/KiFasi_2026r-212x300.png 212w, https://fuurball.ch/wp-content/uploads/2025/12/KiFasi_2026r-725x1024.png 725w, https://fuurball.ch/wp-content/uploads/2025/12/KiFasi_2026r-768x1085.png 768w, https://fuurball.ch/wp-content/uploads/2025/12/KiFasi_2026r.png 906w" sizes="auto, (max-width: 212px) 100vw, 212px" /></a></p>
